{"id":223,"date":"2010-03-12T09:11:32","date_gmt":"2010-03-12T08:11:32","guid":{"rendered":"http:\/\/www.evelyn-sommerhoff.de\/blog\/wp-content\/uploads\/2010\/03\/Fr\u00fchst\u00fcck-im-Gelben-11.jpg"},"modified":"2010-03-12T09:11:32","modified_gmt":"2010-03-12T08:11:32","slug":"fruhstuck-im-gelben-1-2","status":"inherit","type":"attachment","link":"https:\/\/www.evelyn-sommerhoff.de\/?attachment_id=223","title":{"rendered":"Fr\u00fchst\u00fcck im Gelben-1"},"author":2,"comment_status":"open","ping_status":"closed","template":"","meta":[],"description":{"rendered":"<p class=\"attachment\"><a href='https:\/\/www.evelyn-sommerhoff.de\/blog\/wp-content\/uploads\/2010\/03\/Fr\u00fchst\u00fcck-im-Gelben-11.jpg'><img width=\"300\" height=\"249\" src=\"https:\/\/www.evelyn-sommerhoff.de\/blog\/wp-content\/uploads\/2010\/03\/Fr\u00fchst\u00fcck-im-Gelben-11-300x249.jpg\" class=\"attachment-medium size-medium\" alt=\"\" decoding=\"async\" loading=\"lazy\" srcset=\"https:\/\/www.evelyn-sommerhoff.de\/blog\/wp-content\/uploads\/2010\/03\/Fr\u00fchst\u00fcck-im-Gelben-11-300x249.jpg 300w, https:\/\/www.evelyn-sommerhoff.de\/blog\/wp-content\/uploads\/2010\/03\/Fr\u00fchst\u00fcck-im-Gelben-11.jpg 320w\" sizes=\"(max-width: 300px) 100vw, 300px\" \/><\/a><\/p>\n"},"caption":{"rendered":"\n"},"alt_text":"","media_type":"image","mime_type":"image\/jpeg","media_details":{"width":"320","height":"266","hwstring_small":"height='96' width='115'","file":"2010\/03\/Fr\u00fchst\u00fcck-im-Gelben-11.jpg","sizes":{"thumbnail":{"file":"Fr\u00fchst\u00fcck-im-Gelben-11-150x150.jpg","width":"150","height":"150","source_url":"https:\/\/www.evelyn-sommerhoff.de\/blog\/wp-content\/uploads\/2010\/03\/Fr\u00fchst\u00fcck-im-Gelben-11-150x150.jpg"},"medium":{"file":"Fr\u00fchst\u00fcck-im-Gelben-11-300x249.jpg","width":"300","height":"249","source_url":"https:\/\/www.evelyn-sommerhoff.de\/blog\/wp-content\/uploads\/2010\/03\/Fr\u00fchst\u00fcck-im-Gelben-11-300x249.jpg"},"full":{"file":"Fr\u00fchst\u00fcck-im-Gelben-11.jpg","width":320,"height":266,"mime_type":"image\/jpeg","source_url":"https:\/\/www.evelyn-sommerhoff.de\/blog\/wp-content\/uploads\/2010\/03\/Fr\u00fchst\u00fcck-im-Gelben-11.jpg"}},"image_meta":{"aperture":"0","credit":"","camera":"","caption":"","created_timestamp":"0","copyright":"(C)2008 {William Goetz}, all rights reserved","focal_length":"0","iso":"0","shutter_speed":"0","title":""}},"post":215,"source_url":"https:\/\/www.evelyn-sommerhoff.de\/blog\/wp-content\/uploads\/2010\/03\/Fr\u00fchst\u00fcck-im-Gelben-11.jpg","_links":{"self":[{"href":"https:\/\/www.evelyn-sommerhoff.de\/index.php?rest_route=\/wp\/v2\/media\/223"}],"collection":[{"href":"https:\/\/www.evelyn-sommerhoff.de\/index.php?rest_route=\/wp\/v2\/media"}],"about":[{"href":"https:\/\/www.evelyn-sommerhoff.de\/index.php?rest_route=\/wp\/v2\/types\/attachment"}],"author":[{"embeddable":true,"href":"https:\/\/www.evelyn-sommerhoff.de\/index.php?rest_route=\/wp\/v2\/users\/2"}],"replies":[{"embeddable":true,"href":"https:\/\/www.evelyn-sommerhoff.de\/index.php?rest_route=%2Fwp%2Fv2%2Fcomments&post=223"}]}}

http://www.evelyn-sommerhoff.de/blog/wp-content/uploads/2010/03/Frühstück-im-Gelben-11.jpg

Frühstück im Gelben-1

<p class="attachment"><a href='https://www.evelyn-sommerhoff.de/blog/wp-content/uploads/2010/03/Frühstück-im-Gelben-11.jpg'><img width="300" height="249" src="https://www.evelyn-sommerhoff.de/blog/wp-content/uploads/2010/03/Frühstück-im-Gelben-11-300x249.jpg" class="attachment-medium size-medium" alt="" decoding="async" loading="lazy" srcset="https://www.evelyn-sommerhoff.de/blog/wp-content/uploads/2010/03/Frühstück-im-Gelben-11-300x249.jpg 300w, https://www.evelyn-sommerhoff.de/blog/wp-content/uploads/2010/03/Frühstück-im-Gelben-11.jpg 320w" sizes="(max-width: 300px) 100vw, 300px" /></a></p>

2010/03/Frühstück-im-Gelben-11.jpg

Frühstück-im-Gelben-11-150x150.jpg

https://www.evelyn-sommerhoff.de/blog/wp-content/uploads/2010/03/Frühstück-im-Gelben-11-150x150.jpg

Frühstück-im-Gelben-11-300x249.jpg

https://www.evelyn-sommerhoff.de/blog/wp-content/uploads/2010/03/Frühstück-im-Gelben-11-300x249.jpg

Frühstück-im-Gelben-11.jpg

https://www.evelyn-sommerhoff.de/blog/wp-content/uploads/2010/03/Frühstück-im-Gelben-11.jpg
