{"id":311,"date":"2011-11-14T11:34:42","date_gmt":"2011-11-14T10:34:42","guid":{"rendered":"http:\/\/www.evelyn-sommerhoff.de\/blog\/wp-content\/uploads\/2011\/11\/WEIHNACHTSAUSSTELLUNG-STIFTUNG-STARKE-2011.jpg"},"modified":"2011-11-14T11:34:42","modified_gmt":"2011-11-14T10:34:42","slug":"weihnachtsausstellung-stiftung-starke-2011","status":"inherit","type":"attachment","link":"https:\/\/www.evelyn-sommerhoff.de\/?attachment_id=311","title":{"rendered":"WEIHNACHTSAUSSTELLUNG STIFTUNG STARKE 2011"},"author":2,"comment_status":"open","ping_status":"closed","template":"","meta":[],"description":{"rendered":"<p class=\"attachment\"><a href='https:\/\/www.evelyn-sommerhoff.de\/blog\/wp-content\/uploads\/2011\/11\/WEIHNACHTSAUSSTELLUNG-STIFTUNG-STARKE-2011.jpg'><img width=\"300\" height=\"224\" src=\"https:\/\/www.evelyn-sommerhoff.de\/blog\/wp-content\/uploads\/2011\/11\/WEIHNACHTSAUSSTELLUNG-STIFTUNG-STARKE-2011-300x224.jpg\" class=\"attachment-medium size-medium\" alt=\"\" decoding=\"async\" loading=\"lazy\" srcset=\"https:\/\/www.evelyn-sommerhoff.de\/blog\/wp-content\/uploads\/2011\/11\/WEIHNACHTSAUSSTELLUNG-STIFTUNG-STARKE-2011-300x224.jpg 300w, https:\/\/www.evelyn-sommerhoff.de\/blog\/wp-content\/uploads\/2011\/11\/WEIHNACHTSAUSSTELLUNG-STIFTUNG-STARKE-2011.jpg 604w\" sizes=\"(max-width: 300px) 100vw, 300px\" \/><\/a><\/p>\n<p>WEIHNACHTSAUSSTELLUNG STIFTUNG STARKE<br \/>\n25.11.2011-13.01.2012<br \/>\n19:00 Uhr<br \/>\nWeihnachtsausstellung &#8211; K\u00fcnstler der Stiftung Starke<br \/>\nFotografien, Installationen und Gem\u00e4lde von internationalen K\u00fcnstlern<\/p>\n<p>Wie jedes Jahr, veranstaltet die Stiftung Starke auch 2011 ihre gro\u00dfe Weihnachtsausstellung gemeinsam mit ihren K\u00fcnstlern.<br \/>\nDer kunstinteressierte Besucher erh\u00e4lt einen \u00dcberblick \u00fcber die verschiedensten Kunstrichtungen, ob Minimalismus, Photographie, Konzeptkunst, Gegenst\u00e4ndliche Kunst oder Video.<\/p>\n<p>\u00d6ffnungszeiten: Montag bis Donnerstag von 10:00 Uhr bis 18:00 Uhr, Freitag bis 16.00 Uhr, sonst nach Vereinbarung<\/p>\n<p>L\u00f6wenpalais, Koenigsallee 30 \u2013 32, 14193 Berlin<br \/>\nTel. f\u00fcr R\u00fcckfragen: + 49 (o3o) 825 76 85<br \/>\nFax: + 49 (030) 825 87 34<\/p>\n<p>Email: info@stiftungstarke.de<br \/>\nInternet: www.stiftungstarke.de<br \/>\nBUS M19 Haltestelle Hasensprung, S7 Haltestelle Grunewald<\/p>\n"},"caption":{"rendered":"\nWEIHNACHTSAUSSTELLUNG STIFTUNG STARKE\n25.11.2011-13.01.2012\n19:00 Uhr\nWeihnachtsausstellung &#8211; K\u00fcnstler der Stiftung Starke\nFotografien, Installationen und Gem\u00e4lde von internationalen K\u00fcnstlern\nWie jedes Jahr, veranstaltet die Stiftung Starke auch 2011 ihre gro\u00dfe &hellip;"},"alt_text":"","media_type":"image","mime_type":"image\/jpeg","media_details":{"width":"604","height":"451","hwstring_small":"height='95' width='128'","file":"2011\/11\/WEIHNACHTSAUSSTELLUNG-STIFTUNG-STARKE-2011.jpg","sizes":{"thumbnail":{"file":"WEIHNACHTSAUSSTELLUNG-STIFTUNG-STARKE-2011-150x150.jpg","width":"150","height":"150","source_url":"https:\/\/www.evelyn-sommerhoff.de\/blog\/wp-content\/uploads\/2011\/11\/WEIHNACHTSAUSSTELLUNG-STIFTUNG-STARKE-2011-150x150.jpg"},"medium":{"file":"WEIHNACHTSAUSSTELLUNG-STIFTUNG-STARKE-2011-300x224.jpg","width":"300","height":"224","source_url":"https:\/\/www.evelyn-sommerhoff.de\/blog\/wp-content\/uploads\/2011\/11\/WEIHNACHTSAUSSTELLUNG-STIFTUNG-STARKE-2011-300x224.jpg"},"full":{"file":"WEIHNACHTSAUSSTELLUNG-STIFTUNG-STARKE-2011.jpg","width":604,"height":451,"mime_type":"image\/jpeg","source_url":"https:\/\/www.evelyn-sommerhoff.de\/blog\/wp-content\/uploads\/2011\/11\/WEIHNACHTSAUSSTELLUNG-STIFTUNG-STARKE-2011.jpg"}},"image_meta":{"aperture":"0","credit":"","camera":"","caption":"","created_timestamp":"0","copyright":"","focal_length":"0","iso":"0","shutter_speed":"0","title":""}},"post":310,"source_url":"https:\/\/www.evelyn-sommerhoff.de\/blog\/wp-content\/uploads\/2011\/11\/WEIHNACHTSAUSSTELLUNG-STIFTUNG-STARKE-2011.jpg","_links":{"self":[{"href":"https:\/\/www.evelyn-sommerhoff.de\/index.php?rest_route=\/wp\/v2\/media\/311"}],"collection":[{"href":"https:\/\/www.evelyn-sommerhoff.de\/index.php?rest_route=\/wp\/v2\/media"}],"about":[{"href":"https:\/\/www.evelyn-sommerhoff.de\/index.php?rest_route=\/wp\/v2\/types\/attachment"}],"author":[{"embeddable":true,"href":"https:\/\/www.evelyn-sommerhoff.de\/index.php?rest_route=\/wp\/v2\/users\/2"}],"replies":[{"embeddable":true,"href":"https:\/\/www.evelyn-sommerhoff.de\/index.php?rest_route=%2Fwp%2Fv2%2Fcomments&post=311"}]}}

<p class="attachment"><a href='https://www.evelyn-sommerhoff.de/blog/wp-content/uploads/2011/11/WEIHNACHTSAUSSTELLUNG-STIFTUNG-STARKE-2011.jpg'><img width="300" height="224" src="https://www.evelyn-sommerhoff.de/blog/wp-content/uploads/2011/11/WEIHNACHTSAUSSTELLUNG-STIFTUNG-STARKE-2011-300x224.jpg" class="attachment-medium size-medium" alt="" decoding="async" loading="lazy" srcset="https://www.evelyn-sommerhoff.de/blog/wp-content/uploads/2011/11/WEIHNACHTSAUSSTELLUNG-STIFTUNG-STARKE-2011-300x224.jpg 300w, https://www.evelyn-sommerhoff.de/blog/wp-content/uploads/2011/11/WEIHNACHTSAUSSTELLUNG-STIFTUNG-STARKE-2011.jpg 604w" sizes="(max-width: 300px) 100vw, 300px" /></a></p>
<p>WEIHNACHTSAUSSTELLUNG STIFTUNG STARKE<br />
25.11.2011-13.01.2012<br />
19:00 Uhr<br />
Weihnachtsausstellung &#8211; Künstler der Stiftung Starke<br />
Fotografien, Installationen und Gemälde von internationalen Künstlern</p>
<p>Wie jedes Jahr, veranstaltet die Stiftung Starke auch 2011 ihre große Weihnachtsausstellung gemeinsam mit ihren Künstlern.<br />
Der kunstinteressierte Besucher erhält einen Überblick über die verschiedensten Kunstrichtungen, ob Minimalismus, Photographie, Konzeptkunst, Gegenständliche Kunst oder Video.</p>
<p>Öffnungszeiten: Montag bis Donnerstag von 10:00 Uhr bis 18:00 Uhr, Freitag bis 16.00 Uhr, sonst nach Vereinbarung</p>
<p>Löwenpalais, Koenigsallee 30 – 32, 14193 Berlin<br />
Tel. für Rückfragen: + 49 (o3o) 825 76 85<br />
Fax: + 49 (030) 825 87 34</p>
<p>Email: info@stiftungstarke.de<br />
Internet: www.stiftungstarke.de<br />
BUS M19 Haltestelle Hasensprung, S7 Haltestelle Grunewald</p>

WEIHNACHTSAUSSTELLUNG STIFTUNG STARKE
25.11.2011-13.01.2012
19:00 Uhr
Weihnachtsausstellung &#8211; Künstler der Stiftung Starke
Fotografien, Installationen und Gemälde von internationalen Künstlern
Wie jedes Jahr, veranstaltet die Stiftung Starke auch 2011 ihre große &hellip;
