{"id":1536,"date":"2019-04-30T08:11:46","date_gmt":"2019-04-30T07:11:46","guid":{"rendered":"http:\/\/www.evelyn-sommerhoff.de\/?page_id=1536"},"modified":"2019-04-30T08:11:46","modified_gmt":"2019-04-30T07:11:46","slug":"diehaelftederwelt-update-2019-gallery-weekend","status":"publish","type":"page","link":"https:\/\/www.evelyn-sommerhoff.de\/?page_id=1536","title":{"rendered":"dieH\u00e4lftederWelt update 2019  gallery weekend"},"content":{"rendered":"<p><!-- Link and image removed by Remove First Image Plugin --><\/p>\n<div class=\"aju\">\n<div class=\"aCi\"><a href=\"https:\/\/support.google.com\/mail?hl=de&amp;p=email_auth\" target=\"_blank\"><img decoding=\"async\" id=\"undefined\" class=\"ajn ajo\" src=\"https:\/\/ssl.gstatic.com\/ui\/v1\/icons\/mail\/unauth_avatar_red.png\" alt=\"\" name=\"undefined\" data-hovercard-id=\"info@vbk-art.de\" data-name=\"Verein  Berliner K\u00fcnstler\" data-tooltip=\"Gmail konnte nicht \u00fcberpr\u00fcfen, ob diese Nachricht tats\u00e4chlich von vbk-art.de gesendet wurde und nicht von einem Spammer stammt.\" \/><\/a><\/div>\n<\/div>\n<div class=\"gs\">\n<div class=\"gE iv gt\">\n<table class=\"cf gJ\" style=\"height: 82px;\" width=\"515\" cellpadding=\"0\">\n<tbody>\n<tr class=\"acZ\">\n<td class=\"gF gK\">\n<table class=\"cf ix\" cellpadding=\"0\">\n<tbody>\n<tr>\n<td class=\"c2\">\n<h3 class=\"iw\"><span class=\"qu\" tabindex=\"-1\"><span class=\"go\"><br \/>\n<\/span> <\/span><\/h3>\n<\/td>\n<\/tr>\n<\/tbody>\n<\/table>\n<\/td>\n<td class=\"gH bAk\"><\/td>\n<\/tr>\n<\/tbody>\n<\/table>\n<\/div>\n<\/div>\n<table class=\"cf gJ\" cellpadding=\"0\">\n<tbody>\n<tr class=\"acZ\">\n<td class=\"gH\"><\/td>\n<td class=\"gH acX bAm\" rowspan=\"2\"><\/td>\n<\/tr>\n<\/tbody>\n<\/table>\n<div class=\"gE iv gt\"><\/div>\n<table class=\"cf gJ\" cellpadding=\"0\">\n<tbody>\n<tr class=\"acZ xD\">\n<td colspan=\"3\">\n<table class=\"cf adz\" cellpadding=\"0\">\n<tbody>\n<tr>\n<td class=\"ady\">\n<div class=\"ajy\" tabindex=\"0\"><img decoding=\"async\" id=\":18r\" class=\"ajz\" src=\"https:\/\/mail.google.com\/mail\/u\/0\/images\/cleardot.gif\" alt=\"\" data-tooltip=\"Details anzeigen\" \/><\/div>\n<\/td>\n<\/tr>\n<\/tbody>\n<\/table>\n<\/td>\n<\/tr>\n<\/tbody>\n<\/table>\n<div id=\":18b\"><\/div>\n<div class=\"\">\n<div class=\"adM\">\n<div class=\"adM\"><span class=\"il\">EINLADUNG<\/span> |\u00a0<span style=\"color: #ff2600; font-size: x-large;\"><i><b>#dieHa\u0308lftederWelt<\/b><\/i><\/span>\u00a0<span class=\"il\">UPDATE<\/span> 19<\/div>\n<\/div>\n<div id=\":18d\" class=\"ii gt\">\n<div id=\":18c\" class=\"a3s aXjCH \">\n<div>\n<div>\n<span style=\"font-size: large;\">Sehr\u00a0geehrte Damen und\u00a0Herren,<\/span><\/p>\n<div>\n<div><span style=\"font-size: large;\">liebe\u00a0Freunde der Galerie Verein Berliner K\u00fcnstler,<\/p>\n<p><b>vom 27.04.\u00a0\u00a0bis\u00a0\u00a019.05. 2019<\/b><span class=\"m_4656362210071188827Apple-converted-space\">\u00a0<\/span>pr\u00e4sentieren 66 K\u00fcnstler*innen des\u00a0VBK, im Rahmen der\u00a0diesj\u00e4hrigen Vereinsausstellung update19, ihre\u00a0aktuellen Arbeiten zum Thema\u00a0<i>\u00a0#dieHa\u0308lftederWelt.<\/i><\/p>\n<p><span style=\"color: #ff2600;\"><b>Zu\u00a0der Er\u00f6ffnung am Freitag, 26.04.2019 um 19 Uhr laden wir Sie und Ihre Freunde\u00a0herzlich ein<\/b>.<\/span><\/p>\n<p>Die\u00a0Erde hat eine Unwucht in Bezug auf die Verteilung ihrer irdischen G\u00fcter, von\u00a0Hab und Gut, von Chancen auf ein gutes Leben, auf Frieden, auf gleiche Rechte.\u00a0<\/span><\/div>\n<div><span style=\"font-size: large;\">Es gibt viele Aspekte,<\/span>\u00a0<span style=\"font-size: large;\">die unter dem Hashtag\u00a0<i>#dieh\u00e4lftederwelt<\/i>\u00a0<wbr \/>versammelt und thematisiert werden k\u00f6nnen: die vielen Kriegsschaupl\u00e4tze\u00a0rund um\u00a0den Globus, Hunger und Armut, Rassismus und Rechtsdrall.\u00a0<\/span><\/div>\n<div><span style=\"font-size: large;\"><br \/>\n<b>2019<\/b>\u00a0ist auch das Jahr, in dem der 100 Jahre Frauenwahlrecht in Deutschland gedacht\u00a0wird, ein Datum,\u00a0<\/span><\/div>\n<div><span style=\"font-size: large;\">das einen weit l\u00e4nger anhaltenden Kampf der H\u00e4lfte der\u00a0Menschheit um gleiche Rechte markiert und der l\u00e4ngst nicht beendet ist.<\/p>\n<p>Das\u00a0hei\u00dft<span class=\"m_4656362210071188827Apple-converted-space\">\u00a0<\/span><b>summa summarum:<\/b><span class=\"m_4656362210071188827Apple-converted-space\">\u00a0<\/span>die Erde braucht dringend ein <span class=\"il\">Update<\/span>. Die K\u00fcnstler*innen\u00a0des VBK zeigen\u00a0<\/span><\/div>\n<div><span style=\"font-size: large;\">in der kommenden <span class=\"il\">UPDATE<\/span>-Ausstellung ihre Stellungnahmen mit den\u00a0unterschiedlichen k\u00fcnstlerischen Ausdrucksformen!<\/p>\n<p><b>Teilnehmende K\u00fcnstler*nnen<\/b><br \/>\nAmeret, Marion Angulanza, Michael Augustinski, Silke Bartsch, Sandra\u00a0Becker, Viola Bendzko, Gerda Berger, Catherine Bourdon, Conrad Brockstedt,\u00a0BUCCO, Barbara Czarnojahn, Christoph Damm, Norma Drimmer, Christian Ebel,\u00a0Burghild Eichheim, Ute Faber, Monika Funke Stern, Gerhard\u00a0Gabel, Hans-Ju\u0308rgen\u00a0Gabriel, Marianne Gielen, Lupe Godoy, Marilyn Green, Claudia Hartwig, Margret\u00a0Holz, Hella Horstmeier, Rosika Janko\u0301-Glage, Regine Jankowski, Joax, Ju\u0308rgen\u00a0Kellig, Karsten Kelsch, Susanne Kessler, Claudia Kochsmeier, Karoline Koeppel,\u00a0Simone Kornfeld, Maria Korporal,\u00a0Sebastian Kusenberg, Joan Lazeanu, Ina\u00a0Lindemann, Birgit Maa\u00df, Dorothea Markner-Weiss, Siegrid Mu\u0308ller-Holtz, Volker\u00a0Nikel, Larissa Nod, Werner Petzold, Renate Pfrommer, Ute Richter, Frank Ro\u0308del,\u00a0Astrid Roeken, Regina Roskoden, Peter Schlangenbader, Sandra Schmidt, Robert\u00a0Schmidt-Matt, Sabine Schneider, Bernadette Schro\u0308ger, Evelyn Sommerhoff ,\u00a0Hans Stein, Richard Stimmel, Andrea Streit, Ju\u0308rgen Tenz, Burchard Vossmann, Helga\u00a0Wagner, Gerard Waskievitz, Catrin Wechler, Karla Woisnitza, Barbara Zirpins,\u00a0Ayca Nina Zuch\u00a0Projektleitung:<span style=\"color: #ff2600;\"><span class=\"m_4656362210071188827Apple-converted-space\">\u00a0<\/span><\/span><span style=\"color: #5e5e5e;\">Monika Funke Stern<\/span><\/p>\n<p><span style=\"color: #ff2600;\"><b><i>#dieh\u00e4lftederwelt<\/i><\/b><\/span><\/span><\/div>\n<div><span style=\"font-size: large;\">27.04.\u00a0\u00a0bis\u00a0\u00a019.05. 2019<\/span><\/div>\n<div><span style=\"font-size: large;\"><b><span style=\"color: #ff2600;\">Ero\u0308fnung:<\/span><\/b><span class=\"m_4656362210071188827Apple-converted-space\">\u00a0<\/span>Freitag, 26.04. 2019, 19 Uhr<br \/>\n<b><span style=\"color: #ff2600;\">Einfu\u0308hrung<\/span>:<\/b><span class=\"m_4656362210071188827Apple-converted-space\">\u00a0<\/span><b>Dr. Dorothe\u0301e\u00a0Bauerle-Willert<\/b><\/p>\n<p><b>Wa\u0308hrend des\u00a0GALLERY WEEKEND BERLIN<\/b><span class=\"m_4656362210071188827Apple-converted-space\">\u00a0<\/span>am 26. &#8211; 28. April\u00a02019 | Sondero\u0308fnungszeiten:\u00a0Fr 15 &#8211;\u00a021 Uhr, Sa &#8211; So 11 &#8211; 19 Uhr\u00a0<\/span><\/div>\n<div><span style=\"font-size: large;\">\u00a0<\/span><\/div>\n<div><span style=\"font-size: large;\">\u00a0<\/span><\/div>\n<div><span style=\"font-size: large;\">Wir freuen uns \u00fcber Ihren Besuch und im Rahmen unseres Programms auf Gespr\u00e4che zur Kunst und zum Thema der Ausstellung!<br \/>\n<\/span><\/div>\n<\/div>\n<\/div>\n<\/div>\n<\/div>\n<\/div>\n<\/div>\n","protected":false},"excerpt":{"rendered":"\n\n\n\n\n\n\n\n\n\n\n\n\n\n\n \n\n\n\n\n\n\n\n\n\n\n\n\n\n\n\n\n\n\n\n\n\n\n\n\n\n\n\n\n\n\n\n\n\n\n\n\n\n\n\n\nEINLADUNG |\u00a0#dieHa\u0308lftederWelt\u00a0UPDATE 19\n\n\n\n\n\nSehr\u00a0geehrte Damen und\u00a0Herren,\n\nliebe\u00a0Freunde der Galerie Verein Berliner K\u00fcnstler,\nvom 27.04.\u00a0\u00a0bis\u00a0\u00a019.05. 2019\u00a0pr\u00e4sentieren 66 K\u00fcnstler*innen des\u00a0VBK, im Rahmen der\u00a0diesj\u00e4hrigen Vereinsausstellung update19, ihre\u00a0aktuellen Arbeiten zum Thema\u00a0\u00a0#dieHa\u0308lftederWelt.\nZu\u00a0der &hellip;","protected":false},"author":2,"featured_media":0,"parent":0,"menu_order":0,"comment_status":"open","ping_status":"closed","template":"","meta":[],"_links":{"self":[{"href":"https:\/\/www.evelyn-sommerhoff.de\/index.php?rest_route=\/wp\/v2\/pages\/1536"}],"collection":[{"href":"https:\/\/www.evelyn-sommerhoff.de\/index.php?rest_route=\/wp\/v2\/pages"}],"about":[{"href":"https:\/\/www.evelyn-sommerhoff.de\/index.php?rest_route=\/wp\/v2\/types\/page"}],"author":[{"embeddable":true,"href":"https:\/\/www.evelyn-sommerhoff.de\/index.php?rest_route=\/wp\/v2\/users\/2"}],"replies":[{"embeddable":true,"href":"https:\/\/www.evelyn-sommerhoff.de\/index.php?rest_route=%2Fwp%2Fv2%2Fcomments&post=1536"}],"version-history":[{"count":1,"href":"https:\/\/www.evelyn-sommerhoff.de\/index.php?rest_route=\/wp\/v2\/pages\/1536\/revisions"}],"predecessor-version":[{"id":1537,"href":"https:\/\/www.evelyn-sommerhoff.de\/index.php?rest_route=\/wp\/v2\/pages\/1536\/revisions\/1537"}],"wp:attachment":[{"href":"https:\/\/www.evelyn-sommerhoff.de\/index.php?rest_route=%2Fwp%2Fv2%2Fmedia&parent=1536"}],"curies":[{"name":"wp","href":"https:\/\/api.w.org\/{rel}","templated":true}]}}